= -877. What is the greatest common factor of 2 and c?
2
Let t = -19 - -34. Suppose -r - 10 = -3*r. Let n = r + -2. What is the greatest common factor of t and n?
3
Let n be 9 + 0 + (2 - 2). Let f be ((-45)/10)/(n/(-24)). Let m(l) = -l**2 + 10*l + 4. Let o be m(10). What is the greatest common factor of f and o?
4
Suppose -4*d = -75 + 3. Calculate the highest common divisor of 24 and d.
6
Let j = 9 - 6. Suppose -88 = o - j*o. Let g(w) = 5*w + 1. Let z be g(2). Calculate the highest common factor of z and o.
11
Let z(o) = 2*o**2 + 3*o + 4. Let s be z(-4). Let h be (13/(-2) + 7)/((-2)/(-12)). What is the highest common factor of h and s?
3
Let g = 488 - 458. Calculate the greatest common factor of 225 and g.
15
Suppose 20*c - 22*c - 724 = -3*s, -2*c = 5*s - 1180. Calculate the greatest common divisor of s and 14.
14
Let x = -3 + 0. Let b = x - -7. Calculate the highest common factor of 28 and b.
4
Suppose 5*i = -3*n + 1993, 2*n + 0*i = -5*i + 1337. What is the highest common divisor of n and 41?
41
Let m = 17 - -43. Suppose -3*p + 141 + 84 = 0. Suppose -8*l = -3*l - p. Calculate the highest common divisor of m and l.
15
Let v(k) = -16*k + 102. Let x be v(5). Calculate the greatest common divisor of 506 and x.
22
Let g be 2/15 - (-1265)/75. Let c = g - 1. Let y(d) = -d + 7. Let w be y(5). What is the greatest common factor of c and w?
2
Suppose 4*f + 5 = -4*z + z, -2*f + 5*z - 9 = 0. Let c = f + 4. Calculate the greatest common factor of c and 18.
2
Suppose 34*f = 7*f + 648. Calculate the highest common factor of 48 and f.
24
Let r(b) = 192*b**2 - 42*b + 42. Let a be r(1). What is the greatest common factor of 240 and a?
48
Suppose -k + 5*k - 84 = 5*g, -3*k = -5*g - 63. Let y(h) = h**3 + 6*h**2 - 8*h - 4. Let w be y(-7). What is the greatest common divisor of w and k?
3
Suppose 5*u - 39 = 1. Suppose 0 = -2*d - d. Let n be d - 12/u*-6. Calculate the greatest common divisor of n and 36.
9
Suppose -4*t = -23 - 13. Suppose 0 = -5*v + 71 + t. Suppose 0*r + v = 4*r. Calculate the highest common divisor of r and 6.
2
Suppose 2*x + 0*x - 264 = 0. Let s be ((-114)/(-42) - 3)*-42. Calculate the highest common factor of s and x.
12
Let p = 65 + -62. Suppose -x = 5*x - 36. What is the greatest common divisor of p and x?
3
Let d be (-6)/(-4)*40/6. Let j(a) = 3*a - 2. Let l be j(d). Suppose -2*k + 0*k = -l. What is the greatest common factor of 84 and k?
14
Let g = 23 + 21. Suppose 12*n - n = 242. What is the greatest common divisor of g and n?
22
Suppose 3*m + s + 25 = 0, -m = m + 4*s + 10. Let w(x) = 2*x**2 - 6*x - 7. Let l be w(m). What is the highest common factor of 19 and l?
19
Let d(x) = -2*x + 3*x**2 - 5*x**2 + 7*x**2. Let s be d(-5). Suppose 0 = -5*n + r + 155, 2*n + 3*n - 5*r - s = 0. What is the highest common factor of n and 48?
16
Let s = 115 - 62. Suppose -3*h + 4 = -s. What is the highest common factor of h and 152?
19
Let u(a) = -a**3 - 4*a**2 - 2*a + 4. Let n = 23 - 27. Let y be u(n). Calculate the greatest common divisor of y and 30.
6
Let b be (-2 + 442)*20/(-25). Let y = -244 - b. Let g = -24 - -36. Calculate the greatest common divisor of y and g.
12
Suppose -12*k + 2212 = -2216. What is the greatest common divisor of k and 492?
123
Let i(w) = 2*w**2 + 2*w - 5. Let p be i(-6). Suppose -9*o + 5*g = -13*o + 68, -82 = -3*o + 4*g. What is the greatest common divisor of o and p?
11
Suppose -4*m - 263 = -683. Calculate the greatest common factor of 147 and m.
21
Let f be 1 - (-7 - 0/3). Suppose -3*k = -1 - f. Let r = 33 + -18. What is the highest common divisor of r and k?
3
Suppose 2*n + 3*h - 128 = -0*n, -5*h = 3*n - 193. Calculate the greatest common divisor of 183 and n.
61
Let a be 5 + (0 - -1)*-2. Let c be a/(-4) - 243/(-36). Calculate the greatest common factor of c and 48.
6
Suppose 3*r + 20 - 176 = 0. What is the greatest common divisor of 52 and r?
52
Let u be -1 - (-3 + -1 + 3). Suppose 4*y + 0*y - 104 = u. What is the greatest common factor of 13 and y?
13
Let u = -22 + 50. Let x be (u + 5)*12/9. Suppose 0*p + x = 2*p. What is the greatest common factor of 2 and p?
2
Suppose 4*d - 167 = 121. Let c = 120 - d. What is the highest common factor of 12 and c?
12
Let w = 322 + -277. Calculate the highest common factor of w and 30.
15
Suppose 3*v + 174 = 1497. Let k be 4/(7/(v/6)). Let n = 40 + -26. What is the greatest common divisor of k and n?
14
Let s = 1142 + -1130. Let f(l) = 6*l - 12. Let i be f(9). What is the highest common factor of i and s?
6
Let g(t) = -2*t + 34. Let r be g(15). Let z be 3/4 + 33/r. What is the greatest common divisor of z and 1?
1
Let x(b) = 4*b**3 - b**2 + 4*b - 1. Let n be x(3). Suppose -5 = 5*y - 115. Calculate the greatest common divisor of n and y.
22
Let l(f) = -4*f**2 - f - 15. Let g(d) = 9*d**2 + 3*d + 30. Let a(b) = -3*g(b) - 7*l(b). Let t be a(6). Calculate the highest common factor of 52 and t.
13
Let s be 47/3 + ((-78)/(-9))/(-13). Calculate the highest common factor of s and 105.
15
Let f = 23 - 25. Let j = 24 - f. What is the highest common divisor of j and 13?
13
Let z = -10 + 10. Let q = z - -25. Let m be 20/2 + -1 - (-8 + 12). Calculate the greatest common divisor of m and q.
5
Suppose -5*r = -5, -x = -5*x - 2*r + 70. Suppose 5 + 5 = 2*m. Suppose 3*b + m*l = 43, -b = -2*l - 1 - x. Calculate the greatest common divisor of 64 and b.
16
Let q = 1397 + -1241. What is the greatest common factor of q and 3900?
156
Let s(t) = 2*t**3 + 13*t**2 + 12*t - 27. Let w be s(-13). Let o be (w/(-5))/4 + (-1 - 1). What is the highest common factor of 78 and o?
39
Let h be 1/(3 - 1184/394). Let z = h - -292. Calculate the greatest common divisor of 38 and z.
19
Let u(b) = 4*b - 29. Let m be u(8). Suppose -2*l + 23 = t, -2*l = -t + m*l - 12. What is the highest common factor of 182 and t?
13
Let f = 132 - 129. Suppose f*y = -4*a + 44, 0 = -0*a - 4*a - 4*y + 44. What is the highest common factor of a and 11?
11
Let l(o) = o**3 + 2*o**2 - 12*o - 9. Let h be l(-4). Let d be (7/((-28)/8))/1. Let z be d/(-4) + (-612)/(-8). Calculate the highest common factor of h and z.
7
Let g = 29 - 105. Let t = -62 - g. Calculate the highest common factor of t and 112.
14
Let j be (-5)/(6/(-720)*3). What is the highest common divisor of j and 60?
20
Let c be (3/2)/((-27)/(-126)). Let a(m) = -m + 30. Let u be a(2). Calculate the greatest common factor of u and c.
7
Let y(v) = 13*v - 6. Let j be y(5). Let h = j - 39. Let p = -24 + 44. Calculate the greatest common divisor of p and h.
20
Let o(m) = -m**3 + 2*m**2 + 2. Let g be o(2). Suppose -2*d + 200 = -2*r, -r = -g*r. Calculate the highest common factor of 20 and d.
20
Let z be (-7)/(-126)*6 - (-23)/3. What is the greatest common factor of z and 64?
8
Suppose -13*m + 24*m = 0. Let f be (2 - 1 - 26)*-1. Suppose -f = 5*c, m = -q + c + c + 23. Calculate the highest common factor of q and 91.
13
Let s(k) = -10*k - 138. Let p be s(-14). Calculate the highest common divisor of p and 122.
2
Let m = -558 - -663. What is the greatest common divisor of m and 5?
5
Suppose 250 = 5*m - 470. Suppose l - c + 4*c = 15, -4*l - 4*c = -84. Calculate the highest common factor of l and m.
24
Suppose 2*b + 5*h - 1355 = 0, -10*h + 15*h = 4*b - 2695. What is the highest common factor of b and 27?
27
Let j = 7 + -6. Let v be (18/(-8))/(2/(-8)). Suppose x = 4*x - v. Calculate the highest common factor of j and x.
1
Let a(q) = -3*q**3 + q**2 - q + 2. Let d be a(-2). Let l be 52 + (-2)/1 - (4 - 2). Calculate the highest common factor of d and l.
16
Let x = 21 - 18. Suppose -24 = -k + 5*a, -5*k - x*a + a = -255. Let d = -13 - -20. Calculate the highest common factor of k and d.
7
Let o(h) = -h**2 - 25*h - 140. Let u be o(-10). What is the highest common divisor of 2510 and u?
10
Let m be (-5 - -2)/(-3)*60. What is the greatest common divisor of m and 12?
12
Let c be (2/10*176)/((-22)/(-165)). What is the highest common factor of 48 and c?
24
Suppose 0 = -4*d + v - 4 + 1, -3*v + 9 = 0. Suppose -322 = -t + f, 2*f = -d*t + 5*t - 1601. What is the highest common divisor of 29 and t?
29
Suppose -134 - 370 = -6*j. What is the greatest common factor of 24 and j?
12
Let f be (-133)/(-3) - (-3)/(-9). Let s be -15*((-60)/25)/(-1). Let w = f + s. What is the greatest common factor of 16 and w?
8
Let c(p) = -p**3 + 18*